lse
Is 3133981 a prime number?
False
Is 80218861 a composite number?
False
Is 115091243 composite?
False
Is 98495797 a prime number?
True
Is 64516631 a composite number?
False
Is 146855383 a composite number?
False
Is 5016269 prime?
True
Is 95025005 composite?
True
Is 93104879 a composite number?
True
Is 9706209 a prime number?
False
Is 579314 prime?
False
Is 415317073 prime?
False
Is 112558855 a composite number?
True
Is 900527 prime?
False
Is 47441899 a prime number?
False
Is 2182109 prime?
True
Is 12530137 composite?
False
Is 22777871 a composite number?
False
Is 9700513 a prime number?
False
Is 6996823 a composite number?
False
Is 16565533 composite?
True
Is 4975255 a composite number?
True
Is 16923191 composite?
False
Is 25482869 a prime number?
True
Is 36692063 a composite number?
True
Is 175220231 prime?
False
Is 83483381 a composite number?
True
Is 144043358 a composite number?
True
Is 6652141 a composite number?
False
Is 4777351 a composite number?
False
Is 280478353 composite?
True
Is 17537087 prime?
True
Is 249922405 prime?
False
Is 13416019 a composite number?
False
Is 3217015 a prime number?
False
Is 14846761 composite?
False
Is 399561049 composite?
False
Is 4827281 prime?
False
Is 1086089 a prime number?
True
Is 79662482 composite?
True
Is 104189089 a composite number?
False
Is 178205303 a prime number?
True
Is 1888559 a composite number?
False
Is 388293665 a prime number?
False
Is 39502141 prime?
False
Is 769679 a composite number?
True
Is 471413 composite?
True
Is 11070229 a composite number?
True
Is 1424369 a prime number?
True
Is 3232501 prime?
True
Is 2751029 composite?
True
Is 141182291 prime?
False
Is 1748107 composite?
False
Is 858826565 a composite number?
True
Is 9351991 composite?
True
Is 24482233 a prime number?
True
Is 184558567 a composite number?
False
Is 150459041 a prime number?
True
Is 3775859 composite?
False
Is 70286707 a prime number?
True
Is 25606609 a prime number?
False
Is 5473987 a prime number?
True
Is 70836819 a prime number?
False
Is 91800273 a prime number?
False
Is 19143559 composite?
False
Is 113776595 a composite number?
True
Is 2239049 composite?
False
Is 2440001 prime?
False
Is 12084973 composite?
False
Is 104239637 prime?
False
Is 1840649 prime?
True
Is 8934007 a composite number?
True
Is 119139539 a composite number?
False
Is 9156071 prime?
True
Is 181972261 prime?
True
Is 2356921 a prime number?
False
Is 1286617 prime?
True
Is 1712849 prime?
False
Is 537781 a composite number?
False
Is 48042633 a composite number?
True
Is 37508677 prime?
False
Is 236263 a prime number?
False
Is 2655019 a prime number?
False
Is 20890403 prime?
False
Is 38630863 a prime number?
True
Is 3413119 a prime number?
True
Is 16544527 composite?
False
Is 319027 a composite number?
False
Is 757651 a prime number?
True
Is 160151 a prime number?
False
Is 3881987 composite?
False
Is 22445909 composite?
False
Is 22279237 prime?
False
Is 14517001 prime?
True
Is 546064349 prime?
False
Is 87335 a composite number?
True
Is 158618861 prime?
False
Is 9538571 a composite number?
True
Is 36370951 prime?
False
Is 5009737 a prime number?
True
Is 30757 a prime number?
True
Is 1524019 composite?
True
Is 1955779 a composite number?
True
Is 387659 prime?
True
Is 4759783 a composite number?
True
Is 537062821 prime?
False
Is 10304227 a composite number?
True
Is 38592179 a composite number?
True
Is 171691161 composite?
True
Is 34828619 a composite number?
True
Is 414653 a prime number?
True
Is 13708187 prime?
True
Is 100231007 prime?
True
Is 110722973 composite?
False
Is 2434933 a prime number?
False
Is 236032753 composite?
True
Is 99403273 a prime number?
True
Is 409506519 a composite number?
True
Is 314214935 a prime number?
False
Is 43990201 a prime number?
True
Is 59570607 a composite number?
True
Is 17291 a prime number?
True
Is 46538053 prime?
True
Is 2563469 composite?
True
Is 723617749 prime?
True
Is 271013957 prime?
True
Is 117271949 a composite number?
False
Is 242144389 a prime number?
True
Is 12399071 prime?
False
Is 334858891 a prime number?
True
Is 219301531 prime?
False
Is 8339399 composite?
False
Is 12059821 composite?
True
Is 94787449 a composite number?
True
Is 185401 a prime number?
True
Is 554900579 a composite number?
True
Is 187878097 a composite number?
True
Is 872713 a composite number?
True
Is 4838279 a composite number?
False
Is 30291845 prime?
False
Is 3932251 a composite number?
True
Is 154888051 a prime number?
True
Is 82434419 composite?
False
Is 2692837 a composite number?
True
Is 8552833 prime?
True
Is 40931993 composite?
False
Is 23274197 composite?
True
Is 11831471 a composite number?
True
Is 8256823 a prime number?
True
Is 92009633 a composite number?
False
Is 135959623 prime?
True
Is 7308121 prime?
True
Is 554775461 prime?
False
Is 2948755 a composite number?
True
Is 19518163 composite?
True
Is 1894829 a prime number?
False
Is 11194117 a composite number?
True
Is 558334211 a composite number?
True
Is 157039567 prime?
True
Is 352855651 composite?
False
Is 14937523 prime?
False
Is 529349 a prime number?
True
Is 7379153 prime?
False
Is 289002503 composite?
False
Is 15653347 composite?
False
Is 36398 a composite number?
True
Is 1439513 prime?
True
Is 21877207 a prime number?
False
Is 299081173 composite?
True
Is 6308413 a prime number?
False
Is 435343 prime?
True
Is 10952009 composite?
False
Is 94689731 composite?
True
Is 89315477 composite?
False
Is 2562857 prime?
False
Is 22186895 a composite number?
True
Is 9872683 composite?
False
Is 129764771 a composite number?
False
Is 113063557 a prime number?
True
Is 20172673 composite?
True
Is 71065019 composite?
False
Is 5235229 a prime number?
True
Is 189513067 composite?
True
Is 138376087 composite?
False
Is 118805006 composite?
True
Is 33956609 composite?
False
Is 128759699 prime?
True
Is 63581307 a composite number?
True
Is 711287 prime?
True
Is 716721149 prime?
False
Is 209085257 prime?
True
Is 1952905 prime?
False
Is 35739883 composite?
True
Is 438835 a prime number?
False
Is 7373239 composite?
True
Is 755510333 a composite number?
False
Is 139038407 prime?
True
Is 13582963 prime?
True
Is 1960555 a composite number?
True
Is 3654997 prime?
True
Is 10213999 composite?
False
Is 21556759 prime?
False
Is 7493701 prime?
True
Is 10791997 prime?
True
Is 88213701 a composite number?
True
Is 58339 composite?
True
Is 53606587 composite?
True
Is 2438111 prime?
False
Is 19482689 a composite number?
True
Is 601913 prime?
False
Is 73861429 a composite number?
False
Is 68862629 composite?
True
Is 4380977 prime?
False
Is 787672315 composite?
True
Is 416555 a prime number?
False
Is 4948862 prime?
False
Is 17061001 a prime number?
False
Is 191594269 composite?
True
Is 3977651 prime?
False
Is 1755109 a prime number?
False
Is 40027241 a composite number?
True
Is 74853131 a prime number?
True
Is 16645711 prime?
True
Is 79133683 prime?
True
Is 808859945 a prime number?
False
Is 8417891 a composite number?
False
Is 14471903 a prime number?
True
Is 48905369 a composite number?
True
Is 20526607 a prime number?
True
Is 572321 prime?
True
Is 17134063 a prime number?
True
Is 12191171 a composite number?
False
Is 69540259 composite?
False
Is 102375779 composite?
True
Is 5984987 a composite number?
False
Is 5958923 a prime number?
True
Is 19878527 prime?
False
Is 151681349 composite?
False
Is 51086363 composite?
False
Is 18223669 a prime number?
False
Is 340723 a prime number?
True
Is 28666126 a prime number?
False
Is 97988243 composite?
True
Is 1521397 composite?
False
Is 9219181 a composite number?
True
Is 126001 prime?
True
Is 1421141 composite?
False
Is 38194459 a prime number?
True
Is 154201939 prime?
True
Is 8662289 a composite number?
True
Is 1758623 a prime number?
True
Is 7737607 composite?
False
Is 3690013 prime?
True
Is 939347 prime?
True
Is 38482231 a prime number?
False
Is 54035243 a prime number?
False
Is 984197 a composite number?
True
Is 36863117 a composite number?
False
Is 45463351 composite?
False
Is 1214237 a prime number?
True
Is 30822247 a composite number?
True
Is 77932877 a composite number?
True
Is 4799833 composite?
False
Is 21471889 composite?
True
Is 7888981 a prime number?
True
Is 72602939 a composite number?
False
Is 803583713 a prime number?
True
Is 304127